5. Let a be m(4). Suppose -6*l - 3 = -5*l. What is the units digit of (a - l) + 3/3?
5
Suppose 3*p + 5*n + 15 = 2*n, 4*p + n + 11 = 0. Let w = 2 + p. Suppose w = 3*m - 4 - 2. What is the units digit of m?
2
Suppose 2*a - 4 = 2. Suppose -86 = -a*j - 4*p, 5*j - 2*p = 2*p + 186. What is the units digit of j?
4
Let z be (-215)/25 + 6/10. Let l = -4 - z. Suppose l*h = -0*h + 20. What is the units digit of h?
5
Let r(h) = -h**3 - 2*h**2 - h - 1. What is the units digit of r(-2)?
1
Suppose -2*c - 5*f = -3*c + 9, 0 = f + 1. Let p(i) = -i**3 + 6*i**2 - 5*i. Let o be p(c). Suppose 0*u - o = -2*u. What is the units digit of u?
6
Suppose -12 = -f + 4*b + 7, -2*f + 28 = 2*b. Let v = 51 - f. What is the tens digit of v?
3
Let k(u) = -u - 2. Let d be k(-2). Suppose d = -3*y - 10 + 4, -4*m = -2*y - 36. What is the units digit of m?
8
Let s(a) = -44*a + 49. What is the units digit of s(-7)?
7
Let f be (12/9)/(4/18). Suppose -2*c = -c, -n = -4*c - f. What is the units digit of 42/4*4/n?
7
Let v(n) = -4*n**2 - 4*n**2 + 9*n**3 + 5*n - 10*n**3 - 7. What is the tens digit of v(-9)?
2
Suppose -128 = 13*i - 14*i. What is the hundreds digit of i?
1
Let f(s) = 5*s**2 - 14*s - 1. What is the units digit of f(6)?
5
Let m(i) = 25*i - 2*i + 12*i + 1. What is the units digit of m(1)?
6
Suppose 4*g = -4*n - 1080, -3*g + 2*n - 694 = 111. Let y be g/(-6) + 1/6. What is the units digit of 3/(-2) - y/(-6)?
6
Let u be (-52)/(-14) + 2/7. Let o = 5 - u. What is the units digit of o?
1
Suppose -4*k - 4*p + 4 = 0, 0 = -2*k + 3*p + 15 + 2. Let v = k - 7. What is the units digit of ((-2)/v)/(4/6)?
1
Suppose 3*c - 19 = -4. Suppose 15 = 3*s, 141 = c*d + 5*s + 6. What is the units digit of d?
2
Let j(f) = -f**3 - 4*f**2 + 4*f - 7. Let p be j(-5). What is the units digit of (p - 6)*34/(-8)?
4
Let i = -157 + 222. Suppose 3*x - i = -5. What is the tens digit of x?
2
Let z(g) = g**2 - 7*g - 7. Suppose s - 22 = 3*b + 5*s, 0 = 5*b + 2*s + 46. Let p = b - -18. What is the units digit of z(p)?
1
Suppose -3*b - 17 = -161. What is the units digit of b?
8
Let f(c) = c - 3. Suppose -2*z - 6 = 5*h - 35, -3*z + 6 = 0. Let a be f(h). What is the units digit of 1 - ((-4 - -2) + a)?
1
Let k(c) = 4 + c**2 + 0*c**2 - 3*c**2 - 3*c. Let w be k(-3). Let m(o) = o**2 + 3*o + 2. What is the tens digit of m(w)?
1
Let r be 6*(-27)/(-6) + 3. Let p = r + -18. What is the units digit of p?
2
Let l(q) = -19*q + 6. Let i(v) = -4*v + 1. Let s(m) = -11*i(m) + 2*l(m). What is the tens digit of s(2)?
1
Let q = 7 + -12. Let x = q + 7. Suppose -k = x*d + 1, d = -2*d - k. What is the units digit of d?
1
Suppose 0 = 2*y - 3*y + 2. Let u(s) = -s**y + 19 + 2*s**2 - 2*s**2. What is the tens digit of u(0)?
1
Let h = 85 + -57. What is the units digit of h?
8
What is the hundreds digit of (0 - -5)*(-2760)/(-50)?
2
Suppose k - 121 = 2*c, -5*k + 4*c + 619 = c. What is the hundreds digit of k?
1
Let v(w) = 2*w**3 - 5*w**2 - w - 2. What is the tens digit of v(4)?
4
What is the tens digit of 426/14 - 20/(-35)?
3
Let d = -9 + 12. What is the units digit of d?
3
Suppose 2*z - 28 = -2*b, -4*b + 63 = 5*z + 10. What is the tens digit of b?
1
Suppose -4*f - 4*a + 1476 = 0, -113 - 253 = -f - 2*a. What is the tens digit of f?
7
Suppose -r - 3*w = -w - 171, 0 = 5*r - 3*w - 842. What is the units digit of r?
9
Let w(o) = -o**3 - 7*o**2 + 3. Let t be w(-7). Suppose 92 = t*c + c. What is the tens digit of c?
2
Let s be 6/24 - (-17)/(-4). Let a = 14 + s. What is the units digit of a?
0
What is the tens digit of (-1)/(-3) + (-636)/(-36)?
1
Let i = -7 - -10. Suppose l + i = 12. Suppose 0 = -4*y - l + 33. What is the units digit of y?
6
Let a be (0 - (2 + -10)) + 3. Suppose 41 - a = q. What is the tens digit of q?
3
Let h = -4 - -4. Suppose h*f = f. Suppose -2*j + 6*j - 36 = f. What is the units digit of j?
9
Let i = 7 - 10. Let f(o) = -o. What is the units digit of f(i)?
3
Let d(r) be the first derivative of -r**2/2 - 5*r + 2. Let c be d(-7). Suppose c*l - 28 = -0*l. What is the tens digit of l?
1
Let a(r) = -r**2 + 8*r - 5. Let n be a(7). Suppose n*p + 2*p + g = -35, -p + 3*g = 25. Let f = p + 22. What is the tens digit of f?
1
Let s be 2 + 2*1/(-2). What is the units digit of 0 - (-4)/(s - -1)?
2
Let i(f) = f**2 + 2*f + 1. Let p(l) = -l**3 - 9*l**2 - 9*l - 9. Let r be p(-8). Let t be i(r). Suppose t = 2*s + s - 51. What is the tens digit of s?
1
Suppose 3*t + t + z = 274, -266 = -4*t + 3*z. What is the tens digit of t?
6
Let l = -8 - -8. Suppose -10 = -a - l. What is the tens digit of a?
1
Suppose 4*b + 5*c - 676 = c, -4*b = -2*c - 664. What is the units digit of b?
7
Suppose -4*z - 3*t = -2, z + 5*t = -13 + 5. Suppose a + 2*a + z*h = 138, 2*a + 5*h = 103. What is the tens digit of a?
4
Let q(c) = -17*c**2 - 2*c + 3. Let x(d) = 9*d**2 + d - 1. Let z(m) = 2*q(m) + 5*x(m). What is the units digit of z(-1)?
1
Suppose j = -2*j + 132. What is the units digit of j?
4
What is the units digit of (2*-3)/(-1) + 0?
6
Let h be 12/42 - 61/(-7). Suppose -y = -5*y - q - h, 5*q + 27 = -2*y. Let k = 4 - y. What is the units digit of k?
5
Let p = -63 - -111. What is the units digit of p?
8
Let o = 3 - 0. Suppose 0 = -0*t - o*t - 3*g + 30, 2*g + 8 = 0. What is the tens digit of t?
1
Let a be 2/9 + 438/(-27). Let l be (-3)/(3 - (-50)/a). Suppose -l = -5*j - 4*u, 2*j + 3*u - 8 = u. What is the units digit of j?
8
Let v(g) = -g**3 - 8*g**2 + g + 4. Let y be v(-9). Suppose 5*n = 9*n - y. What is the tens digit of n?
1
Let y(x) be the third derivative of x**6/120 - 3*x**5/20 + 3*x**4/8 + x**3/3 - x**2. What is the tens digit of y(8)?
1
Suppose 0 = 4*y - 43 + 11. Suppose -2*b + 32 = 3*q, 0 = 3*q - 5*q + y. Suppose -18 = -2*w + z, 3*w + 5*z - 4 - b = 0. What is the units digit of w?
8
Let d(u) be the second derivative of u**4/12 + u**3 + 3*u**2/2 - u. Suppose -4*o - 24 = -0*o. What is the units digit of d(o)?
3
Suppose -4*l + 10 = -6. Suppose 3*n + 32 = 4*d - n, 0 = -l*n. What is the units digit of d?
8
Suppose -65 - 7 = -2*r. What is the tens digit of r?
3
Suppose -107 = -5*q + 5*s - 22, -5*s = 2*q - 13. What is the units digit of q?
4
Let g be 10/12 + (-3)/(-18). Let k(p) = 10*p**2 + p - 1. What is the tens digit of k(g)?
1
Let d = -2 - -6. What is the units digit of (-2)/d - 243/(-18)?
3
Let k = -61 - -129. What is the tens digit of k?
6
Let q(d) = -d**3 - 7*d**2 - 10*d - 8. Suppose 3*f - 4*j - 2 = -8, -2*j - 18 = 2*f. What is the units digit of q(f)?
6
Let l(k) = -k - 3. Let h be (2 - -12)*(-1)/2. What is the units digit of l(h)?
4
Let y = 6 - 2. What is the units digit of 32 - (y - (2 - 1))?
9
Let q be (-2)/10 - 96/(-5). Suppose -l + q - 7 = 0. What is the units digit of l?
2
Suppose -3*c = -3, -7*c + 4*c + 9 = -2*w. What is the units digit of (-6 + 4)/(2/w)?
3
Let y = 151 - 69. What is the tens digit of y?
8
Let c(j) be the third derivative of -j**4/4 + j**3/6 + 3*j**2. Let v(f) = f + 1. Let w(n) = -c(n) - 3*v(n). What is the units digit of w(3)?
5
Suppose 4*w - 4*y - 1356 = 0, 3*y = -5*w + 1448 + 231. What is the hundreds digit of w?
3
Let c = 410 + -217. What is the units digit of c?
3
Let g(o) be the third derivative of 5/3*o**3 + 0 - 1/24*o**4 + 0*o - o**2. What is the units digit of g(6)?
4
Suppose m + 5 = 6. Suppose 2*f - m = 9. Suppose -12 = -k - 2*q, -f*k + 4*k + 2*q + 24 = 0. What is the tens digit of k?
1
Suppose 9 = 3*h - 5*r - 101, -3*r = -h + 38. What is the tens digit of h?
3
Suppose -4*g - 3*q - 14 = -q, -4*g + 1 = -3*q. What is the units digit of (g/(-1))/(1/2)?
4
Let s(r) = -r**2 + 7*r - 1. Let d be s(4). Let a = d - 7. What is the units digit of a?
4
Suppose -g + 4 = -0. Suppose 4*k + 2*x - 84 = 0, 0*x + 84 = g*k - 4*x. Suppose -k = 5*f - 61. What is the units digit of f?
8
Let n(p) = 2*p**2 + 3*p. Suppose 3*j - 2*j + 2 = 0. Let f be n(j). Suppose -2*z = 4*b + 3*z - 4, 0 = b + 2*z + f. What is the units digit of b?
6
Suppose -i + x + 29 = 6*x, 3*x - 3 = i. What is the units digit of i?
9
Let m be (-12)/18 + 35/3. Let s = -6 + m. What is the units digit of s?
5
Let g = 72 + -28. What is the tens digit of g?
4
Let m(i) = -i - 6. Let l be m(-6). Suppose -2 + l = -w + 5*q, -3*q = 0. Suppose 2*y + n = -y + 16, 0 = -4*y + w*n + 38. What is the units digit of y?
7
Let n = -13 - -7. What is the tens digit of n/(-8) + (-387)/(-12)?
3
Let d(l) = 2*l**2 - 2*l